 = -120771 - -171449. What is the ten thousands digit of k?
5
Let a(k) = 0*k + 3*k - 5*k + 6 + 1. Let c be a(9). What is the units digit of -4 + c/((-44)/360)?
6
Let s be -2*(-4)/(-8)*-5. Let r(n) = 8*n - n - s*n + 13. What is the tens digit of r(17)?
4
Let c = 30441 - 2531. What is the ten thousands digit of c?
2
Let h be 1/8 - 13005/360. What is the tens digit of 111*h/(-15) - (-12)/(-30)?
6
Let k(h) = 288*h**3 + 38*h**2 - 228*h + 7. What is the thousands digit of k(5)?
5
Let l be ((-5)/((-40)/48))/((-3)/(-8)). What is the units digit of (-1851)/(-12) - (-12)/l?
5
Let o be (-2021)/(-215) - -3*(-4)/30. Suppose -20*g + 4466 = -o*g. What is the hundreds digit of g?
4
Let s(q) = 3*q + 18. Let c be s(-10). Let a be 2*222/8*c/(-18). Let k = 88 - a. What is the tens digit of k?
5
Let c(u) = -u**3 - 20*u**2 - 21*u - 36. Let p be c(-19). Suppose -3*y - p*y = 15, -4*s + 262 = -2*y. What is the tens digit of s?
6
Let w(b) = 4*b**2 + 21*b - 206. Let r be w(-37). Suppose 16*i - r = 2115. What is the units digit of i?
3
Let v(t) = 3*t**2 + 138 - t**2 + 11*t + 23*t + 2*t. What is the hundreds digit of v(-27)?
6
Let n(c) = 24*c - 74. Let w be n(4). Let d(p) = p - 20. What is the units digit of d(w)?
2
Suppose 11*a = 6*a + 30. Let j be (2 + 1 + 0)*(-5 + a). Suppose -8*z = -j*z - 565. What is the units digit of z?
3
Let n(f) = -f + 10. Let x be n(5). Let l = 2 - 3. What is the units digit of (3 - x)*10*l?
0
Let u = -475 + -373. Let q = 1448 + u. What is the tens digit of q?
0
Suppose 203*k = 202*k + 5. Suppose -2*x + 688 = -0*x. Suppose 0 = -k*g - 2*o + 871, 3*o - x = -4*g + 2*g. What is the hundreds digit of g?
1
Let v be 922/12 + (-14)/(-84). Suppose -8*a + v = -a. What is the units digit of a?
1
Let l(m) = 8*m - 16*m - 21 + 8*m + 8 + 11*m. Let h(p) = -2*p**3 - 3*p**2. Let a be h(-2). What is the tens digit of l(a)?
3
Let z be (-81)/54*(-6202)/3. Suppose -3*a + 4*f = -z, 1706 + 2420 = 4*a - f. What is the tens digit of a?
3
Suppose 83 = 5*t + 2*j, -3*t = -0*t - 2*j - 37. Suppose 5*p + 4260 = t*p. What is the units digit of p?
6
Suppose 2*b + 3*b - 39 = -4*h, 5*h + 3*b = 39. Let j be (85/15 - 3) + 2/h. Suppose 5*v + j*m - 527 = -151, -v + 2*m + 70 = 0. What is the tens digit of v?
7
Let o(g) = -177*g + 3*g**2 - g**2 - 22 + 147*g. What is the tens digit of o(34)?
7
Let a(r) = 18*r - 33. Let d be a(4). Suppose 5*v + 0*v = q - d, 40 = q - 4*v. What is the units digit of q?
4
Let s be 285/24 + (-2)/(-16) - 4. Suppose -2*x = 3*i - 4*x - 456, 5*x = 0. Suppose 0 = s*b - 4*b - i. What is the tens digit of b?
3
Let m(w) = 369*w**3 - 3*w**2 + 12*w - 37. What is the hundreds digit of m(3)?
9
Let b(n) = 101 - 95 + 6*n - 9*n**2 - 2*n**3 + 5*n - 5*n. Let k be b(-5). What is the units digit of -8*(5/k)/(-10)?
4
What is the ten thousands digit of 1554225/35 - 180/126?
4
Let b = 169 + 230. Suppose s + b = 5*r - 557, 2*s = -5*r + 968. What is the tens digit of r?
9
Let b(i) = 62*i + 13. Let z(m) = -124*m - 26. Let y(d) = -7*b(d) - 4*z(d). What is the units digit of y(4)?
1
Let k = -8985 - -14847. What is the thousands digit of k?
5
Suppose 0 = -9*m + 2*m + 56. Let d(h) = -h - 1 + m*h**2 + 3 + 11*h - 1 - h**3. What is the units digit of d(9)?
0
Let g be (-2 + 8/20)*(-35)/14. Suppose -g*h = -2*w + 99 + 583, 3*w - h = 1003. What is the hundreds digit of w?
3
Let y(l) = 26*l**3 - 37*l**2 + l - 4. What is the tens digit of y(7)?
0
Let r be 0/(-2) + -2 - -1782. Suppose 4*n - 36 = -12, 2*x + 3*n = 72. Suppose -x*t + 7*t + r = 0. What is the units digit of t?
9
Suppose -947*c = -956*c + 19656. What is the hundreds digit of c?
1
Let j(l) = l**3 + 48*l**2 + 143*l - 265. What is the units digit of j(-44)?
7
Let d(j) = 4734*j + 6068. What is the tens digit of d(4)?
0
Suppose 8 = 4*k, 0 = -4*n + 2*k - 3*k + 2. Let t be 36/16 - (-33)/(-132). Suppose n = r + t*r - 309. What is the hundreds digit of r?
1
Let l be 3/((-15)/10*8/(-3580)). What is the units digit of 7 - ((7 - l) + 6)?
9
Let z = -48 - -47. Let k be (3*52/(-24))/(z/12). Suppose k = 4*o - 170. What is the units digit of o?
2
Let a(c) = c**2 + 38*c + 103. Let v be a(-35). What is the hundreds digit of 455 + v + 10 + 3?
4
Let v(x) = -x**3 - x**2 + 27*x + 9. Let n be v(-6). Suppose -6*w = 3*w - n. Suppose 2*f = w*a + 43, -5*a = -3*f + 6*f - 36. What is the tens digit of f?
1
Let k be (-4 - (-672)/1) + 3. Suppose -5*q = -0*q + 5*h - 850, -h + k = 4*q. What is the tens digit of q?
6
Let x(d) = 2*d**2 - 4*d - 18. Let s be x(5). Let j(q) = 5*q - 9. What is the tens digit of j(s)?
5
Let s = 9318 - 4498. What is the hundreds digit of s?
8
What is the hundreds digit of (-12)/16*((-64)/(-416) - 27098/39)?
5
Let l be (6/21)/((1 + 1)/14). Suppose -4*x - 4*n = 0, -3*n - 10 = 3*x - l*x. Suppose 2*h - 5*h = -3*q + 174, -x*h = -15. What is the units digit of q?
1
Suppose -4*y = 12, 0 = -0*q - 2*q - 3*y + 3. Let m be ((-12)/(-18))/(1/q). Suppose -m*j + 16 = -40. What is the tens digit of j?
1
Let a(x) = x**3 + 15*x**2 - 15*x. Let p be a(-16). What is the units digit of 474 + 2*40/p?
9
Let z = 111 + -107. Suppose -g = 3 + 2, -z*c + 573 = 3*g. What is the units digit of c?
7
What is the thousands digit of 38447 + -2 + -18 + 3?
8
What is the units digit of 2*(-1310)/(-20)*42?
2
Suppose -2 = i - 5. Let h(u) = 6*u - 18. Let w be h(i). What is the units digit of (-211)/(w + 2/(3 + -5))?
1
Let y = -176 + 334. Let q = 235 - y. What is the units digit of q?
7
Suppose -3*b - 19395 = -12*b. Suppose -5*v = -2*g - b, 5*v - 375 = 3*g + 1785. What is the hundreds digit of v?
4
Let a(u) be the first derivative of u**3/3 + 3*u**2/2 + 3*u - 49. Let x be a(-6). What is the units digit of 2/((-2)/8*(-56)/x)?
3
Suppose 27824 = 8*m - 52566 - 49650. What is the units digit of m?
5
Let s(l) = 76*l + 17. Let c be s(3). Suppose 0 = 3*d - c - 712. What is the tens digit of d?
1
Suppose -3*y + 9 = -3. Let f be 0 + (-3)/3 - (-515)/5. Suppose i - f = -y*t - t, 4*t - 86 = -3*i. What is the tens digit of t?
2
Let t be -5 - -3 - (0 - 100). Suppose -5*k = u - 828, -170 = -k + u + u. Suppose 96*v = t*v - k. What is the tens digit of v?
8
Suppose -6*h - 27 + 51 = 0. Suppose -13*b = -18*b - 2*p + 1931, 0 = -h*b - 2*p + 1546. What is the hundreds digit of b?
3
Suppose 1251 = 3*p - 4*q - 34609, -5*p - 4*q + 59692 = 0. What is the thousands digit of p?
1
What is the ten thousands digit of 29229 + -5*(1 + 0/((-64)/(-8)))?
2
What is the ten thousands digit of (-24179456)/(-768) + (2 - 5/3)?
3
Suppose -51*y = -49*y + 1030. What is the hundreds digit of y/(-2)*(-2 + 6 - 2)?
5
Suppose -39*u - 45753 + 398313 = 0. What is the units digit of u?
0
Suppose 3*l - 11620 = 4*n, -2*l - 3*n + 9473 = 1698. Suppose 6245 = 25*g - l. What is the tens digit of g?
0
Suppose 1232958 = -29*x + 3742705. What is the units digit of x?
3
Let s(j) = -4*j - 56 - 3*j + 113. What is the tens digit of s(-17)?
7
What is the hundreds digit of ((-3)/(-3) - 7101)/((44/(-418))/1)?
4
Let p(m) = 5*m**3 + 7*m**2 + 5*m + 1. Let y be p(-5). Let t = 678 + y. Let g = t - 128. What is the units digit of g?
6
Let g(t) = 457*t**2 - 41*t - 181. What is the units digit of g(-8)?
5
Suppose -10*a + 62 + 8 = 0. Suppose 11*p - 15*p = -712. Suppose -p = 5*t - a*t. What is the tens digit of t?
8
Let t(v) = -7 - v + 11*v**2 - 5 - 10*v**2 + 5. Suppose c + 111 - 108 = 0. What is the units digit of t(c)?
5
Let p = 0 + 44. Suppose -2*u - p = -6*u. Suppose 10*t = u*t - 8. What is the units digit of t?
8
Let m = -103 - 72. Let i = m - -349. What is the tens digit of i?
7
Suppose -6*j - 48 = -60. Suppose j*z - 638 = 474. What is the tens digit of z?
5
Let g(q) = 2*q**2 - 8*q - 17. Let x be g(7). Suppose -3*h - 8 = -w + 55, -x = 5*h. Let b = w - -9. What is the tens digit of b?
5
Let v = -22 - -26. Suppose 2*c - 5*k - 1 = 3, 2*k = v*c - 24. Suppose -5 = 3*a + c, -2*a = -2*h + 232. What is the hundreds digit of h?
1
Let j = -179 - -179. Suppose j = 13*r + 2*r - 5400. What is the tens digit of r?
6
Let n(w) = w**3 + 4*w**2 - 14*w - 46. Let s be n(-11). What is the tens digit of (-7)/(-14) + s/(-2) + 3?
7
Suppose 45 = 7*k - 39. What is the hundreds digit of 2150/k + 1/(-6)?
1
Let h(i) = i**3 - 8*i + 3. Let t(s) = s**2 + 10*s + 6. Let n = 41 + -51. Let f be t(n). What is the tens digit of h(f)?
7
Let b = 24741 + -16587. What is the hundreds digit of